s divided by 4.
2
Suppose -l + 36 = -2*g, -5*g - 35 + 10 = 0. Calculate the remainder when 2100 is divided by l.
20
Suppose 7*v = -2*j + 264, -25*j + 26*j - 150 = -4*v. Calculate the remainder when 229 is divided by v.
13
Suppose -118*d + 11859 = -2561 - 2454. Calculate the remainder when 2429 is divided by d.
141
Suppose 0 = 6*r - 9*r - 6. Calculate the remainder when 108 is divided by 10/45 + r + (-511)/(-9).
53
Suppose 4*x = -5 + 21. Suppose -4*s = -s + x*z - 119, -42 = -s + z. What is the remainder when s is divided by 11?
8
Let h = 0 + 4. Suppose -h*j - 38 = 2*w, 0*w + w - j = -4. What is the remainder when 11 is divided by 10/45 - 43/w?
1
Suppose 2*s - 551 + 247 = 0. Let z = -120 + s. What is the remainder when 124 is divided by z?
28
Let m(o) = 10*o**2 - 19*o + 3. Calculate the remainder when 288 is divided by m(6).
39
Suppose 2 = l - 2*w - 8, -2*w + 6 = 3*l. Suppose -3*h + 72 = 3*d, -2*h = -l*h + 2*d + 56. What is the remainder when 68 is divided by h?
16
Suppose 7*q = 4*q + 108. Let x = -28 + q. Suppose 0*a - a - 69 = -3*o, 2*a = 0. Calculate the remainder when o is divided by x.
7
Suppose -3 = -3*m - 3*g + 51, -5*m = 3*g - 82. What is the remainder when 243 is divided by (648/16)/9*m?
54
Suppose -38*o = -3*b - 37*o + 27, 3*b = -3*o + 39. Calculate the remainder when 142 is divided by b.
2
Let z = 42 + -42. Suppose 6*f - 45 + 3 = z. Calculate the remainder when 96 is divided by f.
5
Let a = 11081 + -8755. Calculate the remainder when a is divided by 156.
142
Suppose 7*f - 161 = -16*f. Let s = 86 - f. Calculate the remainder when s is divided by 33.
13
Suppose 3*j = 3*n - 4*n + 75, 0 = -5*j - 4*n + 118. Let b(h) = h**2 - 25*h - 16. Calculate the remainder when 229 is divided by b(j).
9
Let g(d) = 587*d + 1191. Calculate the remainder when 112 is divided by g(-2).
10
Let k = 7983 - 6141. What is the remainder when k is divided by 97?
96
Let h = 17647 + -17508. Calculate the remainder when 2779 is divided by h.
138
Let z(w) = w**2 - 62*w + 891. Calculate the remainder when z(20) is divided by 9/18 + 93/2.
4
Suppose 0 = -4*j + 251 - 55. Suppose 0 = -v + j - 46. Suppose -21 = -3*i - 0*i. Calculate the remainder when i is divided by v.
1
Let g = 17 - -39. Suppose -20*h + 24*h = -g. Calculate the remainder when 110 is divided by (-4)/h + (-3298)/(-119).
26
Suppose w + 66 = 5*p, -p - 3 = -1. Let h = w + 81. Suppose a = -3*a + h*o + 276, a = 4*o + 69. Calculate the remainder when a is divided by 25.
19
Let v(m) = 5*m**2 - 31*m - 55. Calculate the remainder when 348 is divided by v(-2).
24
Suppose 0 = -3*q + 5*g + 182, 0*g = 4*q - g - 254. Suppose 0 = 3*a + q + 83. Let c = -39 - a. What is the remainder when 48 is divided by c?
8
Let m be -1 - 3 - ((-112)/(-7))/(-4). Suppose -4*d - p + 23 + 176 = m, -101 = -2*d - p. What is the remainder when d is divided by 10/65 + (-219)/(-13)?
15
Suppose 132*l + 5816 = 142*l - 35574. What is the remainder when l is divided by 19?
16
Let h be 2852/161 + (-2)/(-7). Suppose 0*d - 6*d = -h. Suppose -5*n - 4*x = -148, 16 = 3*n + d*x - 71. Calculate the remainder when 93 is divided by n.
29
Suppose -6272*f + 6277*f - 3*w - 641 = 0, -5*f + 689 = 3*w. What is the remainder when 9971 is divided by f?
129
Let i(l) = 2*l**2 + l**3 + 0*l**2 + 39 - 10. Let r(c) = -c**3 + 7*c**2 - 6*c. Let d be r(6). Calculate the remainder when 54 is divided by i(d).
25
Let r be (9/(-12))/(3/(-28)). Suppose -6*q - 2 = -r*q. Suppose -11*k + 36 = -q*k. What is the remainder when 14 is divided by k?
2
Let a(c) = 7*c**2 + 23*c - 265. Calculate the remainder when a(12) is divided by 15.
14
Suppose -268*a = -266*a + y - 410, -4*a = -y - 826. Calculate the remainder when a is divided by 195.
11
Suppose z - 59 = -2*a, -3*z = -5*z + 5*a + 100. Calculate the remainder when 216 is divided by z.
51
Let c(y) = -y**3 - y**2 - 3*y + 8. Let a be c(0). Suppose 0*k - 80 = a*k. Calculate the remainder when 2/10 + (-418)/k is divided by 12.
6
Suppose 21*r + 10*r - 2511 = 0. Calculate the remainder when 1617 is divided by r.
78
What is the remainder when 3416/10 + (96/(-15))/(-16) is divided by 327?
15
Suppose 0*m = 7*m. Suppose m = 6*d - 32 - 352. Suppose 12*g - 3*g - 207 = 0. Calculate the remainder when d is divided by g.
18
Let v(l) = -l**3 + 26*l**2 + 129*l - 254. Calculate the remainder when 7247 is divided by v(30).
15
Let o(j) = j + 3. Let g be o(-3). Let x be (0/8)/(2 - g). Suppose x = -h - 27 + 74. Calculate the remainder when h is divided by 10.
7
Suppose 0 = 5*a + 20, -161 = -f - a - 0*a. Let y = 2205 + -2162. What is the remainder when f is divided by y?
36
Let f(l) = 25*l**2 + 10*l + 10. Let d(p) = p**2 + p - 13. What is the remainder when f(-2) is divided by d(4)?
6
Let g(t) = -t**3 + 4*t**2 + 18*t - 51. Let x be g(6). Let i(l) = -2*l - 23. What is the remainder when (3/6)/(2/92) is divided by i(x)?
2
Let s(c) = 17*c + 7. Let u(x) = -x**3 - 9*x**2 - 9*x - 13. Let w be u(-8). Let k be s(w). Calculate the remainder when ((-2)/(-4))/((-1)/k) is divided by 10.
9
Let f be 3376/12*(-3)/(-2). Let o = f + -274. Suppose -6*c = -4*r - 4*c + 308, -2*c + o = 2*r. Calculate the remainder when r is divided by 13.
11
Let t(d) = 139*d**2 + 182*d - 357. Calculate the remainder when t(2) is divided by 86.
47
Let w(t) = t**3 + 17*t**2 - 8*t + 14. Let r be w(-17). Suppose -3*y + r = 30. Let c(o) = o**2 - o + 22. Calculate the remainder when y is divided by c(0).
18
Let n(d) = -256*d - 1950. What is the remainder when n(-22) is divided by 97?
93
Let b = -11798 + 11912. Calculate the remainder when 388 is divided by b.
46
Suppose -2*o - o + 5*b = -10, 4*o - 3*b - 6 = 0. Calculate the remainder when 8 is divided by 12 + o + (13 - 19).
2
Let n(f) = -3*f**3 + 16*f**2 + 3*f - 2. Let t be n(6). What is the remainder when 8/(t/(-469)) - 7 is divided by 35?
25
Suppose -200952*r - 1872 = -201096*r. What is the remainder when 83 - (1 - (1 + 0)) is divided by r?
5
Let p(o) = o**2 + 2*o - 49. Let f be p(6). Calculate the remainder when 155 is divided by ((209 - 4)/(-5))/f.
32
Let z be (-2)/(-11) + 10780/605. Calculate the remainder when 38 is divided by (z/12 + (-37)/(-2))*1.
18
Let x = -615 - -739. Calculate the remainder when x is divided by 39.
7
Let o be (6 + 0/(-7))*(-3)/(-6). Suppose 12*b - o*b - 207 = 0. Calculate the remainder when b is divided by 6.
5
What is the remainder when 1199 is divided by ((-13892)/(-8))/23*2?
142
Suppose 9*w - 444 = 13*w. Let u = -69 - w. What is the remainder when 166 is divided by u?
40
Let u be (-350)/6 - 4/6. Suppose 11*w + 390 + 473 = -292. Let j = u - w. What is the remainder when j is divided by 16?
14
Let j = 44 - 12. Calculate the remainder when (-21 - 1744/(-24))*3/1 is divided by j.
27
Let d(z) = z**3 + 7*z**2 + 4*z - 5. Let n(t) = 2*t + 15. Let x be n(-10). Suppose 177 = -62*q + 983. What is the remainder when d(x) is divided by q?
12
Let i(b) be the first derivative of -b**4/4 + 10*b**3/3 - 8*b**2 - 3*b + 190. What is the remainder when i(6) is divided by 15?
0
Suppose -8*y + y = 7*y - 101948. Calculate the remainder when y is divided by 2425.
7
Let u = -538 - -546. Suppose -27*l = -u*l - 1900. What is the remainder when l is divided by 54?
46
Let d(t) be the second derivative of -t**5/20 - 3*t**4/2 - 19*t**3/6 + 9*t**2 + 2*t + 6. What is the remainder when d(-17) is divided by 15?
7
Let w be (-13)/(-52) - (-2)/(-8). Calculate the remainder when (w - (-2 - -1))/(10/6130) is divided by 44.
41
Calculate the remainder when 979 is divided by (-164)/14*(-7 + 0/5) - 6.
67
Suppose 12*b + 509 = 8*b + y, 3*b = -y - 373. Let p = 141 + b. What is the remainder when 44 is divided by p?
14
Suppose -3*h = 8*s - 7*s + 325, h = 2*s - 120. Let q = h + 173. What is the remainder when 125 is divided by q?
62
Let n(l) = 17*l - 16. Let r = 194 - 191. Calculate the remainder when 86 is divided by n(r).
16
Suppose -80*p - 6665 = -26425. What is the remainder when p is divided by 41?
1
Suppose 0 = -j - b + 134, -4*j - 5*b + 2*b + 540 = 0. What is the remainder when 419 is divided by j?
5
Let l = -6316 - -6410. Calculate the remainder when l is divided by 57.
37
Let q be (15/(-3))/(8/(-64)). Suppose -2*g + 7*g = q. What is the remainder when 39 is divided by g?
7
Let v be ((-1342)/(-110))/((-3)/(-105)). Suppose v - 531 = -4*s. What is the remainder